
1
What is the remainder when 9995143 is divided by 222?
37
What is the remainder when 104481490 is divided by 30?
10
Calculate the remainder when 455823 is divided by 1579.
1071
Calculate the remainder when 1033839 is divided by 25.
14
Calculate the remainder when 6673557 is divided by 1842.
1833
Calculate the remainder when 1747455 is divided by 1123.
67
What is the remainder when 30053664 is divided by 10017883?
15
Calculate the remainder when 59693 is divided by 8410.
823
What is the remainder when 654638 is divided by 4283?
3622
What is the remainder when 79162 is divided by 78545?
617
What is the remainder when 20849563 is divided by 295?
143
What is the remainder when 1824309 is divided by 13127?
12783
Calculate the remainder when 202627 is divided by 7236.
19
What is the remainder when 5627 is divided by 234?
11
Calculate the remainder when 4149349 is divided by 187.
6
Calculate the remainder when 679312 is divided by 679296.
16
Calculate the remainder when 2557953 is divided by 489.
483
Calculate the remainder when 1697859 is divided by 565894.
177
Calculate the remainder when 106885571 is divided by 16.
3
What is the remainder when 1097128 is divided by 66?
10
Calculate the remainder when 134302 is divided by 7898.
36
What is the remainder when 6102665 is divided by 6102647?
18
What is the remainder when 215504854 is divided by 73?
21
Calculate the remainder when 211034 is divided by 1021.
708
What is the remainder when 279037 is divided by 68004?
7021
Calculate the remainder when 4457848 is divided by 10465.
10223
What is the remainder when 272751 is divided by 2940?
2271
Calculate the remainder when 558239 is divided by 162.
149
Calculate the remainder when 44500 is divided by 203.
43
What is the remainder when 3748613 is divided by 245?
113
What is the remainder when 1345932 is divided by 181?
16
Calculate the remainder when 4092688 is divided by 26068.
12
What is the remainder when 65178719 is divided by 73?
12
Calculate the remainder when 121615 is divided by 40538.
1
Calculate the remainder when 983586 is divided by 6345.
111
What is the remainder when 55016957 is divided by 2002?
1997
What is the remainder when 36808209 is divided by 196?
193
What is the remainder when 4996752 is divided by 499672?
32
Calculate the remainder when 2312801 is divided by 2312758.
43
What is the remainder when 833019 is divided by 184?
51
Calculate the remainder when 93550 is divided by 122.
98
What is the remainder when 108582376 is divided by 194?
188
What is the remainder when 167166283 is divided by 3613?
3612
Calculate the remainder when 4411372 is divided by 2209.
2208
Calculate the remainder when 74444 is divided by 751.
95
What is the remainder when 1600610 is divided by 809?
408
What is the remainder when 382370 is divided by 867?
23
What is the remainder when 2071709 is divided by 16981?
27
Calculate the remainder when 145560 is divided by 327.
45
What is the remainder when 3888409 is divided by 1856?
89
Calculate the remainder when 21964 is divided by 21201.
763
What is the remainder when 8637081 is divided by 129?
15
Calculate the remainder when 6626890 is divided by 55.
50
What is the remainder when 666447 is divided by 166602?
39
What is the remainder when 186696578 is divided by 353592?
2
What is the remainder when 14087172 is divided by 1333?
28
Calculate the remainder when 465113 is divided by 115876.
1609
Calculate the remainder when 3710486 is divided by 98.
10
Calculate the remainder when 3414330 is divided by 192.
186
Calculate the remainder when 787903 is divided by 71627.
6
Calculate the remainder when 103155030 is divided by 597.
594
What is the remainder when 8695302 is divided by 4347647?
8
Calculate the remainder when 78446 is divided by 72976.
5470
Calculate the remainder when 967421 is divided by 4562.
277
Calculate the remainder when 135137 is divided by 19245.
422
Calculate the remainder when 209205148 is divided by 10.
8
What is the remainder when 45386137 is divided by 11105?
2
What is the remainder when 144127 is divided by 71872?
383
Calculate the remainder when 1851637 is divided by 617.
20
Calculate the remainder when 8945383 is divided by 16658.
37
Calculate the remainder when 5253653 is divided by 60.
53
What is the remainder when 14632 is divided by 1312?
200
Calculate the remainder when 545632 is divided by 23674.
1130
Calculate the remainder when 5892515 is divided by 42.
41
What is the remainder when 11279298 is divided by 50?
48
What is the remainder when 430300 is divided by 9172?
8388
Calculate the remainder when 24271078 is divided by 4045175.
28
What is the remainder when 34581546 is divided by 1306?
1278
What is the remainder when 7813770 is divided by 2320?
10
What is the remainder when 6362458 is divided by 386?
20
Calculate the remainder when 441944 is divided by 441940.
4
What is the remainder when 48718 is divided by 23899?
920
Calculate the remainder when 390688 is divided by 3.
1
Calculate the remainder when 1893500 is divided by 1893427.
73
What is the remainder when 30730080 is divided by 10243336?
72
What is the remainder when 191962 is divided by 803?
45
Calculate the remainder when 2550837 is divided by 78.
3
What is the remainder when 483280 is divided by 640?
80
What is the remainder when 214429 is divided by 17545?
3889
What is the remainder when 5749242 is divided by 123?
99
Calculate the remainder when 42342 is divided by 2258.
1698
What is the remainder when 73823762 is divided by 257?
255
Calculate the remainder when 41436290 is divided by 23.
19
Calculate the remainder when 46972826 is divided by 55.
21
Calculate the remainder when 481860807 is divided by 1144.
1143
Calculate the remainder when 110583 is divided by 118.
17
Calculate the remainder when 14424297 is divided by 22.
19
Calculate the remainder when 3719605 is divided by 11168.
661
Calculate the remainder when 2232586 is divided by 1116290.
6
What is the remainder when 7393930 is divided by 3845?
3840
Calculate the remainder when 13403436 is divided by 707.
130
What is the remainder when 256753 is divided by 695?
298
What is the remainder when 724862 is divided by 361845?
1172
What is the remainder when 2108796 is divided by 702791?
423
Calculate the remainder when 2568774 is divided by 855827.
1293
What is the remainder when 8733743 is divided by 48?
47
What is the remainder when 62663016 is divided by 1190?
1186
What is the remainder when 33842 is divided by 1996?
1906
Calculate the remainder when 7122621 is divided by 2374200.
21
What is the remainder when 489595 is divided by 8298?
13
What is the remainder when 25654 is divided by 5946?
1870
Calculate the remainder when 4978445 is divided by 1659475.
20
Calculate the remainder when 1729405 is divided by 410.
25
Calculate the remainder when 1494062 is divided by 4528.
4350
What is the remainder when 1142621 is divided by 571111?
399
What is the remainder when 45110 is divided by 12872?
6494
Calculate the remainder when 771883 is divided by 128614.
199
What is the remainder when 8319 is divided by 2944?
2431
What is the remainder when 400102 is divided by 1450?
1352
Calculate the remainder when 953572 is divided by 1.
0
What is the remainder when 731283 is divided by 121880?
3
Calculate the remainder when 80532503 is divided by 2516640.
23
What is the remainder when 240563 is divided by 216?
155
Calculate the remainder when 12127383 is divided by 1319.
497
Calculate the remainder when 86780 is divided by 1466.
286
What is the remainder when 21605 is divided by 3097?
3023
What is the remainder when 495267 is divided by 82540?
27
What is the remainder when 10260281 is divided by 343?
122
What is the remainder when 14164242 is divided by 4721411?
9
What is the remainder when 385932 is divided by 96482?
4
What is the remainder when 6624469 is divided by 2208154?
7
Calculate the remainder when 11542468 is divided by 36297.
22
Calculate the remainder when 1002533 is divided by 3932.
3805
Calculate the remainder when 37375 is divided by 891.
844
Calculate the remainder when 234072 is divided by 58495.
92
Calculate the remainder when 291755 is divided by 599.
42
What is the remainder when 176035 is divided by 35115?
460
What is the remainder when 1535693 is divided by 15